s -bcb - 3?
-bce
In base 12, what is 5190 + 5?
5195
In base 15, what is 11 + -d9?
-c8
In base 4, what is 130033 - -31?
130130
In base 7, what is 4 + 61?
65
In base 6, what is -3345 - 12?
-3401
In base 2, what is 11 - 100001101?
-100001010
In base 8, what is -4 - -7?
3
In base 14, what is 6d - 6?
67
In base 16, what is -393 + -5?
-398
In base 9, what is 10 + -71?
-61
In base 13, what is 34 + c?
43
In base 10, what is 5 - 45?
-40
In base 10, what is -11 + 1898?
1887
In base 16, what is -13c - -1f?
-11d
In base 12, what is -143 - 78?
-1bb
In base 12, what is 3 - 104a?
-1047
In base 15, what is -1 - -d?
c
In base 9, what is -237 - 114?
-352
In base 16, what is -1077 - 3?
-107a
In base 10, what is -649 - 11?
-660
In base 2, what is 1000 + 1000001?
1001001
In base 6, what is -100 + 2?
-54
In base 6, what is -41 + 105?
24
In base 13, what is 0 - 49c?
-49c
In base 14, what is 3 + 34?
37
In base 3, what is 1020 - 110?
210
In base 15, what is -9 - c?
-16
In base 3, what is -2221 - -21?
-2200
In base 9, what is -745 + -2?
-747
In base 7, what is -135 - -3?
-132
In base 3, what is -11 - -1022?
1011
In base 11, what is 14 - 7?
8
In base 15, what is -9 - 6a3?
-6ac
In base 2, what is -1010000 - 100001?
-1110001
In base 2, what is 1001101001 + 1?
1001101010
In base 5, what is 3 - 203?
-200
In base 10, what is 3 + 107?
110
In base 16, what is de5b - 4?
de57
In base 2, what is 110001 - -1101?
111110
In base 2, what is -11001101 + 101?
-11001000
In base 16, what is f8 - 3?
f5
In base 6, what is 1110 + 2?
1112
In base 4, what is 2312 - 3?
2303
In base 4, what is -11 - 1131213?
-1131230
In base 6, what is 2 + 1410?
1412
In base 14, what is 7 + -6a?
-63
In base 13, what is 31 + -2?
2c
In base 13, what is -4 - 28?
-2c
In base 12, what is 1b - -42?
61
In base 5, what is 214 - -3?
222
In base 13, what is -494 + 0?
-494
In base 12, what is -b9 + 5?
-b4
In base 9, what is -3 + -301?
-304
In base 9, what is 0 - -26?
26
In base 2, what is -1000001100 - 10?
-1000001110
In base 10, what is 58 + 3?
61
In base 14, what is -5 + -53?
-58
In base 16, what is -1bb - -1?
-1ba
In base 10, what is 302 + -2?
300
In base 4, what is 1020 + -11?
1003
In base 2, what is -10000110 + 10?
-10000100
In base 4, what is -10 + -1013?
-1023
In base 13, what is 1 - -2a8?
2a9
In base 3, what is 1120 + -2022?
-202
In base 14, what is -98 + -5?
-9d
In base 12, what is 5 + 33?
38
In base 4, what is 2322102 - 1?
2322101
In base 12, what is 12519 + 5?
12522
In base 3, what is 2 + -1010221?
-1010212
In base 16, what is 10 - a8?
-98
In base 8, what is -4 - -4104?
4100
In base 14, what is 165 + 2?
167
In base 6, what is -1 + 333?
332
In base 4, what is 2330 + 23?
3013
In base 14, what is 3 - 12?
-d
In base 16, what is -3 - b9?
-bc
In base 5, what is -2342 + 104?
-2233
In base 8, what is -13 - -6?
-5
In base 12, what is -327 - 63?
-38a
In base 2, what is -111 - 10000011?
-10001010
In base 16, what is 4 + 845?
849
In base 4, what is -11 + 312120?
312103
In base 8, what is -564 + -5?
-571
In base 5, what is 4014 + 3?
4022
In base 7, what is -125 + 1?
-124
In base 16, what is -6d - 5e?
-cb
In base 7, what is -1 + -11?
-12
In base 11, what is -3 - -57?
54
In base 7, what is 1122 + -5?
1114
In base 4, what is 1110212 - -2?
1110220
In base 13, what is 85 + -103?
-4b
In base 11, what is 14 + 181?
195
In base 12, what is -5b2 + 1?
-5b1
In base 4, what is 302220 - -3?
302223
In base 11, what is -4 - 53?
-57
In base 5, what is 1 + 10034?
10040
In base 4, what is 30 + -30?
0
In base 14, what is 397 + 4?
39b
In base 11, what is -92 + 7?
-86
In base 11, what is 4 + -36?
-32
In base 7, what is 0 + 135?
135
In base 9, what is 313 - 24?
278
In base 7, what is -4 - -14?
10
In base 15, what is 0 - 11e?
-11e
In base 3, what is 10 + 1010?
1020
In base 15, what is 36 + 1?
37
In base 15, what is -4 - 76?
-7a
In base 13, what is -1a + -130?
-14a
In base 12, what is -84 + 6?
-7a
In base 13, what is -50 - -4?
-49
In base 3, what is 20020 + -10?
20010
In base 5, what is -101 + -44?
-200
In base 4, what is 21210 + -2?
21202
In base 14, what is b5 + -2?
b3
In base 13, what is -2910 - 0?
-2910
In base 4, what is 0 - 200?
-200
In base 8, what is 60 - -1?
61
In base 12, what is -3 - -105a?
1057
In base 15, what is 1 + -c08?
-c07
In base 14, what is 4 - -95?
99
In base 8, what is -6 - -622?
614
In base 16, what is 4 - -569?
56d
In base 12, what is -1294 + -3?
-1297
In base 16, what is -16 + -277?
-28d
In base 3, what is -10 + 12?
2
In base 15, what is 4b + -12?
39
In base 4, what is 1003322 + -2?
1003320
In base 14, what is 69 - -29?
94
In base 5, what is 122 + -402?
-230
In base 11, what is -9a3 - -2?
-9a1
In base 6, what is -33055 + -4?
-33103
In base 6, what is -533 + 0?
-533
In base 4, what is -22032 - -20?
-22012
In base 8, what is 45 + -110?
-43
In base 2, what is 1011010 + -10?
1011000
In base 11, what is -59 - -102?
54
In base 16, what is -14 + -16c?
-180
In base 5, what is -342 - 323?
-1220
In base 5, what is 211 - -223?
434
In base 6, what is -1 + 25?
24
In base 12, what is 14 - 2?
12
In base 5, what is -134340 - 3?
-134343
In base 12, what is -328b + 1?
-328a
In base 2, what is 101 + 1001010001?
1001010110
In base 13, what is -4 + 5c?
58
In base 11, what is -4 + -240?
-244
In base 16, what is -112 - -5?
-10d
In base 10, what is 5829 - 3?
5826
In base 7, what is -630 + 3?
-624
In base 4, what is -11 - -2?
-3
In base 4, what is -121 + 1?
-120
In base 7, what is -2 - -535?
533
In base 9, what is -3377 - 1?
-3378
In base 8, what is 11 - 1501?
-1470
In base 9, what is -2 + -10316?
-10318
In base 5, what is -3 + -114411?
-114414
In base 12, what is 4 - -4b?
53
In base 4, what is -10 + 1220?
1210
In base 14, what is -5 + 30?
29
In base 3, what is -101 + 11011?
10210
In base 8, what is -5 - -7007?
7002
In base 2, what is 10 + 10?
100
In base 13, what is -335 + -7?
-33c
In base 2, what is 100 - 110001110000?
-110001101100
In base 13, what is 4 + 8?
c
In base 6, what is -40 + 1152?
1112
In base 10, what is 5 - -419?
424
In base 4, what is 221 - 3?
212
In base 6, what is 10 - -3221?
3231
In base 2, what is 100 - 1001100?
-1001000
In base 9, what is 5 + 52?
57
In base 10, what is -5 + -1815?
-1820
In base 12, what is 4 + -156b?
-1567
In base 4, what is 2003 + -111?
1232
In base 15, what is -24 + 4?
-20
In base 15, what is -14ee + 5?
-14e9
In base 11, what is 50 + -26a?
-21a
In base 2, what is 110110101 + 100110?
111011011
In base 6, what is 3 + 5?
12
In base 15, what is -1b7 + 2d?
-189
In base 11, what is -2 + -29?
-30
In base 13, what is 18 + -31?
-16
In base 6, what is -3525 + -4?
-3533
In base 12, what is 13 + 1?
14
In base 7, what is 122 + -16?
103
In base 5, what is -104 + -103?
-212
In base 6, what is 1 + 1220?
1221
In base 14, what is -54 - -4b?
-7
In base 5, what is -1001 - -230?
-221
In base 9, what is -4 - 302?
-306
In base 10, what is -251 - 1?
-252
In base 10, what is -277 - 7?
-284
In base 10, what is -87 + 43?
-44
In base 12, what is 4 + 476?
47a
In base 6, what is 0 + 20413?
20413
In base 6, what is -3 + -35?
-42
In base 12, what is 34 + -12?
22
In base 5, what is 11 - -411?
422
In base 15, what is -a + -19?
-24
In base 14, what is -89c + -6?
-8a4
In base 10, what is 2 + 1734?
1736
In base 7, what is 2362 - -10?
2402
In base 12, what is -3 - -90?
89
In base 11, what is -20 + 14a?
12a
In base 4, what is -2000 - -2?
-1332
In base 4, what is -10102 + 3?
-10033
In base 12, what is -9 + 31?
24
In base 13, what is -a - 3?
-10
In base 2, what is 11 + -1001010?
-1000111
In base 10, what is -655 + 5?
-650
In base 16, what is 27 + 0?
27
In base 16, what is -35 + 0?
-35
In base 6, what is -4 + -1021?
-1025
In base 3, what is -122122 - -20?
-122102
In base 7, what is -521 + -2?
-523
In base 10, what is -7 - -40?
33
In base 3, what is -2112 + 121?
-1221
In base 7, what is 2 + -1241?
-1236
In base 5, what is -32 + -120?
-202
In base 12, what is -4 + 12?
a
In base 2, what is 1001 + -1100110?
-1011101
In base 9, what is -6 + -342?
-348
In base 5, what is 11041 - -12?
11103
In base 16, what is -f + -166?
-175
In base 6, what is 324 - 5?
315
In base 7, what is 106 + 3?
112
In base 11, what is -768 - -1?
-767
In base 3, what is -100 + 21100?
21000
In base 9, what is 10 - 57?
-47
In base 11, what is -600 + 4?
-5a7
In base 5, what is -14 -